e the greatest common factor of 297575 and 125.
25
What is the highest common divisor of 250 and 8933000?
250
Calculate the highest common factor of 3247 and 544.
17
Calculate the highest common divisor of 1360 and 74392.
136
What is the greatest common divisor of 4788 and 36144?
36
Calculate the greatest common divisor of 518 and 194306.
14
What is the highest common factor of 42282 and 90306?
522
Calculate the greatest common factor of 120 and 9528.
24
What is the highest common factor of 99 and 129393?
99
Calculate the highest common divisor of 82 and 20072534.
82
Calculate the greatest common factor of 2159 and 246380.
127
What is the greatest common divisor of 732 and 2694?
6
Calculate the greatest common factor of 48 and 66224.
16
What is the highest common divisor of 5235 and 735?
15
Calculate the greatest common factor of 300 and 26500.
100
What is the greatest common factor of 2331 and 29637?
333
What is the greatest common divisor of 1308 and 5856?
12
What is the highest common factor of 1632 and 19125?
51
What is the greatest common divisor of 14973 and 37536?
69
What is the greatest common factor of 26 and 689?
13
Calculate the greatest common divisor of 273 and 1743.
21
Calculate the highest common divisor of 306 and 13498.
34
What is the highest common factor of 127039 and 110?
11
Calculate the greatest common factor of 6292 and 156.
52
What is the highest common divisor of 6845 and 545?
5
Calculate the greatest common divisor of 18396 and 2793.
21
What is the highest common divisor of 18 and 100134?
18
Calculate the greatest common divisor of 20 and 171.
1
What is the greatest common factor of 517546 and 46?
46
Calculate the greatest common factor of 94519 and 62.
31
Calculate the greatest common factor of 1036 and 707.
7
What is the greatest common divisor of 259 and 79513?
259
Calculate the highest common factor of 816816 and 385.
77
Calculate the greatest common factor of 233964 and 12.
12
What is the greatest common factor of 160 and 16896?
32
Calculate the highest common divisor of 4 and 988288.
4
What is the greatest common divisor of 119 and 80206?
119
What is the greatest common factor of 237512 and 110?
22
Calculate the greatest common divisor of 21 and 20699.
7
What is the highest common divisor of 168 and 52824?
24
What is the highest common divisor of 4870 and 85?
5
Calculate the greatest common factor of 3184 and 3456.
16
Calculate the highest common factor of 19554 and 12.
6
Calculate the greatest common factor of 118785 and 165.
15
What is the greatest common factor of 14 and 2503298?
14
Calculate the greatest common factor of 8588 and 1582.
226
Calculate the greatest common factor of 805 and 27439.
23
Calculate the greatest common divisor of 150 and 148300.
50
Calculate the highest common factor of 21847924 and 1343.
1343
Calculate the highest common divisor of 140864 and 2108.
124
Calculate the highest common factor of 32162 and 26.
26
What is the highest common divisor of 1602 and 179958?
534
Calculate the highest common divisor of 81 and 60507.
81
What is the highest common divisor of 3066 and 3650?
146
Calculate the greatest common factor of 4336 and 11653.
271
Calculate the highest common factor of 30811 and 2530.
11
Calculate the greatest common divisor of 5056 and 1151504.
1264
What is the greatest common divisor of 247923 and 85086?
1467
What is the greatest common factor of 693102 and 142?
142
What is the highest common divisor of 3576 and 447?
447
Calculate the highest common factor of 87184 and 128.
16
Calculate the greatest common factor of 17 and 124457.
17
What is the highest common factor of 504 and 2548?
28
What is the greatest common divisor of 3926 and 156?
26
Calculate the highest common divisor of 1246 and 112.
14
What is the highest common factor of 204 and 2295476?
68
What is the highest common divisor of 1029 and 2667?
21
Calculate the greatest common factor of 1446 and 2946.
6
Calculate the greatest common factor of 21 and 593397.
21
What is the greatest common factor of 1575 and 621?
9
What is the greatest common divisor of 1820 and 87815?
455
What is the highest common divisor of 69344 and 4840?
88
What is the highest common divisor of 1960 and 14675?
5
What is the highest common factor of 35254 and 1?
1
Calculate the highest common factor of 558 and 2046.
186
Calculate the highest common factor of 16 and 953.
1
What is the highest common divisor of 301 and 25370?
43
What is the highest common factor of 672 and 294?
42
Calculate the highest common factor of 1083 and 36.
3
What is the highest common factor of 2211 and 300093?
201
Calculate the highest common divisor of 46000 and 64.
16
Calculate the greatest common divisor of 572 and 208.
52
Calculate the highest common divisor of 822288 and 72.
24
Calculate the highest common factor of 11245 and 13715.
65
Calculate the highest common divisor of 6439 and 47.
47
Calculate the greatest common factor of 420 and 47220.
60
What is the highest common factor of 2976 and 13299?
93
Calculate the greatest common factor of 33520 and 50.
10
What is the highest common divisor of 399 and 3021?
57
What is the highest common factor of 1740 and 4020?
60
What is the greatest common factor of 7514 and 702?
26
What is the greatest common divisor of 112563 and 2673?
297
What is the highest common divisor of 2700 and 13770?
270
What is the highest common divisor of 170 and 36730?
10
Calculate the highest common divisor of 2153783 and 19.
19
What is the highest common factor of 2105972 and 1012?
1012
What is the highest common factor of 76296 and 66504?
408
Calculate the highest common factor of 15616 and 416.
32
What is the highest common factor of 7722 and 212498?
286
Calculate the highest common factor of 1127025 and 150.
75
What is the highest common divisor of 135 and 525?
15
Calculate the greatest common factor of 257191 and 33.
11
What is the greatest common divisor of 260169 and 156?
39
What is the highest common factor of 2216 and 32?
8
What is the highest common divisor of 43 and 102211?
43
What is the greatest common factor of 16 and 8650?
2
What is the greatest common factor of 18980 and 40?
20
What is the greatest common factor of 60 and 111080?
20
Calculate the highest common divisor of 24 and 269.
1
Calculate the highest common divisor of 1120 and 9940.
140
What is the highest common divisor of 19776 and 2163?
309
Calculate the greatest common factor of 29551 and 10933.
29
Calculate the greatest common factor of 1370 and 2603000.
1370
Calculate the highest common divisor of 4466895 and 15.
15
Calculate the greatest common factor of 64 and 203704.
8
What is the greatest common divisor of 30 and 94602?
6
Calculate the highest common factor of 349948 and 1424.
356
What is the highest common factor of 8 and 36304?
8
Calculate the highest common factor of 120 and 12472.
8
Calculate the highest common factor of 379143 and 18.
9
What is the greatest common divisor of 2610 and 1359230?
290
Calculate the highest common divisor of 146260 and 1648.
412
What is the greatest common factor of 12744 and 414?
18
What is the greatest common divisor of 30 and 845790?
30
Calculate the highest common factor of 380198 and 78.
26
What is the highest common divisor of 1453124 and 824?
412
What is the greatest common factor of 66470 and 17?
17
What is the highest common divisor of 110827 and 1083?
361
Calculate the highest common divisor of 111 and 57831.
111
Calculate the highest common factor of 3975 and 200.
25
Calculate the highest common factor of 12768 and 3080.
56
Calculate the greatest common divisor of 21970 and 1300.
130
Calculate the greatest common divisor of 1 and 413730.
1
What is the greatest common factor of 1161 and 531?
9
Calculate the highest common divisor of 729729 and 143.
143
Calculate the greatest common factor of 20 and 12605.
5
Calculate the highest common divisor of 2574 and 638.
22
What is the greatest common divisor of 655 and 112?
1
What is the greatest common factor of 150 and 573200?
50
What is the highest common divisor of 170592 and 32?
32
Calculate the greatest common factor of 3661 and 63.
7
Calculate the highest common factor of 444448 and 1216.
608
What is the greatest common factor of 371 and 1431000?
53
Calculate the greatest